{"id":13403,"date":"2024-10-10T11:51:56","date_gmt":"2024-10-10T09:51:56","guid":{"rendered":"https:\/\/camping-savoie-levaugrais.com\/grosse-sportereignisse\/"},"modified":"2024-10-10T11:51:56","modified_gmt":"2024-10-10T09:51:56","slug":"grosse-sportereignisse","status":"publish","type":"page","link":"https:\/\/camping-savoie-levaugrais.com\/de\/grosse-sportereignisse\/","title":{"rendered":"Gro\u00dfe Sportereignisse"},"content":{"rendered":"\n<h2 class=\"wp-block-heading\">Die Tour de France  <\/h2>\n\n<p class=\"wp-block-paragraph\">Die Tour de France ist das legend\u00e4re <a href=\"https:\/\/camping-savoie-levaugrais.com\/de\/sportliche-erfahrung\/aufstieg-zum-grand-colombier-ueber-virieu-le-petit\/\" data-type=\"page\" data-id=\"397\">Radrennen <\/a>durch Frankreich, bei dem jedes Jahr der beste Bergfahrer und der beste Fahrer ermittelt werden. Seit 2012 f\u00fchrt die Tour de France \u00fcber den Grand Colombier, einen Pass au\u00dferhalb der Kategorie. Bis heute bleibt er ein symboltr\u00e4chtiger, schwieriger Pass mit Steigungen von teilweise \u00fcber 24% auf der Seite von Virieu le Petit.<br\/>In den Jahren 2016, 2017 und 2020 stellten sich die Fahrer dem Riesen von Bugey.<br\/>Heute ist er ein Muss f\u00fcr Radfahrer und zieht jedes Jahr mehr und mehr <a href=\"https:\/\/camping-savoie-levaugrais.com\/de\/sportliche-erfahrung\/aufstieg-zum-grand-colombier-ueber-virieu-le-petit\/\" data-type=\"page\" data-id=\"397\">Radsportbegeisterte<\/a> an.  <\/p>\n\n<p class=\"wp-block-paragraph\">14. Juli 2022: 13. Etappe der Tour de France: Chatillon &#8211; Grand Colombier  <\/p>\n\n<p class=\"wp-block-paragraph\"><\/p>\n\n<h2 class=\"wp-block-heading\">Seenwanderung<\/h2>\n\n<p class=\"wp-block-paragraph\">Jedes Jahr im April findet die <a rel=\"noreferrer noopener\" href=\"http:\/\/cyclo-bugey.weebly.com\/\" target=\"_blank\"><strong>Wanderung zu den Seen<\/strong><\/a> wird vom Club CYCLO BUGEY BELLEY organisiert. Der Verein l\u00e4dt alle Zweiradfreunde ein, in einer warmen und freundlichen Atmosph\u00e4re an der Seenwanderung mit Stra\u00dfenfahrr\u00e4dern und Mountainbikes teilzunehmen, ohne dass es eine Rangliste der Teilnehmer gibt. Diese Veranstaltung ist eine der gr\u00f6\u00dften in der Region, was die Anzahl der Teilnehmer betrifft. Sie f\u00fchrt durch die <strong>wundersch\u00f6nen Landschaften des Bugey<\/strong>.   <\/p>\n\n<p class=\"wp-block-paragraph\"><\/p>\n\n<h2 class=\"wp-block-heading\">Die Aindinoise<\/h2>\n\n<p class=\"wp-block-paragraph\">Legen Sie 108 km zur\u00fcck &#8211; es handelt sich um ein Radrennen mit Zeitmessung.<\/p>\n\n<p class=\"wp-block-paragraph\"><\/p>\n\n<h2 class=\"wp-block-heading\">Der Tag des gro\u00dfen Taubenschwanzes  <\/h2>\n\n<p class=\"wp-block-paragraph\">Jeden zweiten Samstag im Monat von Juni bis September k\u00f6nnen Sie den Riesen von Bugey herausfordern. Der Aufstieg von Culoz aus ist frei und kostenlos, die Stra\u00dfe ist von 7 bis 15 Uhr f\u00fcr Radfahrer reserviert. Auf dem Gipfel erhalten Sie einen Imbiss und ein Diplom. <\/p>\n\n<p class=\"wp-block-paragraph\"><\/p>\n\n<h2 class=\"wp-block-heading\">die TVO  <\/h2>\n\n<p class=\"wp-block-paragraph\">Tour du Valromey \/ ain bugey valromey tour<\/p>\n\n<p class=\"wp-block-paragraph\">Das einzige Rennen f\u00fcr Junioren, bei dem sie 4 oder manchmal sogar 5 Tage lang \u00fcber verschiedene P\u00e4sse gegeneinander antreten. An diesem Rennen nehmen haupts\u00e4chlich Teams aus europ\u00e4ischen L\u00e4ndern, Neuseeland, Australien und S\u00fcdafrika teil, aber auch Teams von regionalen franz\u00f6sischen Komitees und eventuell von Vereinen. Die Teams bestehen aus 5 Fahrern und 3 Begleitern.<\/p>\n\n<p class=\"wp-block-paragraph\"><\/p>\n\n<h2 class=\"wp-block-heading\">Die Forstwirtin  <\/h2>\n\n<p class=\"wp-block-paragraph\">Es handelt sich um ein Mountainbike-Rennen, das als &#8222;Herbstlegende&#8220; bezeichnet wird und bei dem die besten Mountainbike-Marathonfahrer der europ\u00e4ischen und weltweiten Rennserie antreten.<\/p>\n\n<p class=\"wp-block-paragraph\"><\/p>\n\n<h2 class=\"wp-block-heading\">Die GTJ oder Gro\u00dfe Juradurchquerung  <\/h2>\n\n<p class=\"wp-block-paragraph\">Mit 415 km Streckenl\u00e4nge f\u00fchrt die GTJ von Mandeures im Doubs als Startpunkt durch das Dorf Artemare als Etappenziel. Sie k\u00f6nnen diese Strecke in Ihrem eigenen Tempo erkunden und sich von der au\u00dfergew\u00f6hnlichen Vielfalt der Landschaft beeindrucken lassen. <\/p>\n\n<p class=\"wp-block-paragraph\"><\/p>\n\t\t\t<div id=\"sevgallery-427486858\" class=\"sev-diaporama sev-diaporama-portfolio\">\n\t\t\t<div class=\"row\">\n\n\t\t\t\n\t\t\t\t\n\t\t\t\t<div class=\"sev-diaporama-portfolio-item col-12 col-lg \">\n\t\t\t\t\t<!--<a href=\"https:\/\/camping-savoie-levaugrais.com\/wp-content\/uploads\/2021\/07\/velomontagne5.jpg\" data-lightbox=\"sevgallery-427486858\" style=\"background-image: url(https:\/\/camping-savoie-levaugrais.com\/wp-content\/uploads\/2021\/07\/velomontagne5.jpg)\">-->\n\t\t\t\t\t<a href=\"https:\/\/camping-savoie-levaugrais.com\/wp-content\/uploads\/2021\/07\/velomontagne5.jpg\" data-lightbox=\"sevgallery-427486858\">\n\t\t\t\t\t\t<img decoding=\"async\" src=\"https:\/\/camping-savoie-levaugrais.com\/wp-content\/uploads\/2021\/07\/velomontagne5.jpg\" alt=\"v\u00e9lo montagne athl\u00e9tes\" loading=\"lazy\">\n\t\t\t\t\t<\/a>\n\t\t\t\t<\/div>\n\n\t\t\t\t\n\t\t\t\t\t\t\t\t\t\t\t\n\t\t\t\t\n\t\t\t\t<div class=\"sev-diaporama-portfolio-item col-12 col-lg  col-grow\">\n\t\t\t\t\t<!--<a href=\"https:\/\/camping-savoie-levaugrais.com\/wp-content\/uploads\/2021\/07\/velomontagne16.jpg\" data-lightbox=\"sevgallery-427486858\" style=\"background-image: url(https:\/\/camping-savoie-levaugrais.com\/wp-content\/uploads\/2021\/07\/velomontagne16.jpg)\">-->\n\t\t\t\t\t<a href=\"https:\/\/camping-savoie-levaugrais.com\/wp-content\/uploads\/2021\/07\/velomontagne16.jpg\" data-lightbox=\"sevgallery-427486858\">\n\t\t\t\t\t\t<img decoding=\"async\" src=\"https:\/\/camping-savoie-levaugrais.com\/wp-content\/uploads\/2021\/07\/velomontagne16.jpg\" alt=\"la montage \u00e0 v\u00e9lo\" loading=\"lazy\">\n\t\t\t\t\t<\/a>\n\t\t\t\t<\/div>\n\n\t\t\t\t\n\t\t\t\t\t\t\t\t\t\t\t\n\t\t\t\t\n\t\t\t\t<div class=\"sev-diaporama-portfolio-item col-12 col-lg  col-grow\">\n\t\t\t\t\t<!--<a href=\"https:\/\/camping-savoie-levaugrais.com\/wp-content\/uploads\/2021\/07\/velomontagne10.jpg\" data-lightbox=\"sevgallery-427486858\" style=\"background-image: url(https:\/\/camping-savoie-levaugrais.com\/wp-content\/uploads\/2021\/07\/velomontagne10.jpg)\">-->\n\t\t\t\t\t<a href=\"https:\/\/camping-savoie-levaugrais.com\/wp-content\/uploads\/2021\/07\/velomontagne10.jpg\" data-lightbox=\"sevgallery-427486858\">\n\t\t\t\t\t\t<img decoding=\"async\" src=\"https:\/\/camping-savoie-levaugrais.com\/wp-content\/uploads\/2021\/07\/velomontagne10.jpg\" alt=\"col du colombier\" loading=\"lazy\">\n\t\t\t\t\t<\/a>\n\t\t\t\t<\/div>\n\n\t\t\t\t\t\t\t\t\t<div class=\"w-100\"><\/div>\n\t\t\t\t\t\t\t\t\t\n\t\t\t\t\t\t\t\t\t\t\t\n\t\t\t\t\n\t\t\t\t<div class=\"sev-diaporama-portfolio-item col-12 col-lg \">\n\t\t\t\t\t<!--<a href=\"https:\/\/camping-savoie-levaugrais.com\/wp-content\/uploads\/2021\/07\/velomontagne20.jpg\" data-lightbox=\"sevgallery-427486858\" style=\"background-image: url(https:\/\/camping-savoie-levaugrais.com\/wp-content\/uploads\/2021\/07\/velomontagne20.jpg)\">-->\n\t\t\t\t\t<a href=\"https:\/\/camping-savoie-levaugrais.com\/wp-content\/uploads\/2021\/07\/velomontagne20.jpg\" data-lightbox=\"sevgallery-427486858\">\n\t\t\t\t\t\t<img decoding=\"async\" src=\"https:\/\/camping-savoie-levaugrais.com\/wp-content\/uploads\/2021\/07\/velomontagne20.jpg\" alt=\"v\u00e9lo montagne 20\" loading=\"lazy\">\n\t\t\t\t\t<\/a>\n\t\t\t\t<\/div>\n\n\t\t\t\t\n\t\t\t\t\t\t\t\t\t\t\t\n\t\t\t\t\n\t\t\t\t<div class=\"sev-diaporama-portfolio-item col-12 col-lg \">\n\t\t\t\t\t<!--<a href=\"https:\/\/camping-savoie-levaugrais.com\/wp-content\/uploads\/2021\/07\/velomontagne2.jpg\" data-lightbox=\"sevgallery-427486858\" style=\"background-image: url(https:\/\/camping-savoie-levaugrais.com\/wp-content\/uploads\/2021\/07\/velomontagne2.jpg)\">-->\n\t\t\t\t\t<a href=\"https:\/\/camping-savoie-levaugrais.com\/wp-content\/uploads\/2021\/07\/velomontagne2.jpg\" data-lightbox=\"sevgallery-427486858\">\n\t\t\t\t\t\t<img decoding=\"async\" src=\"https:\/\/camping-savoie-levaugrais.com\/wp-content\/uploads\/2021\/07\/velomontagne2.jpg\" alt=\"v\u00e9lo montagne 20\" loading=\"lazy\">\n\t\t\t\t\t<\/a>\n\t\t\t\t<\/div>\n\n\t\t\t\t\n\t\t\t\t\t\t\t\t\t\t\t\n\t\t\t\t\n\t\t\t\t<div class=\"sev-diaporama-portfolio-item col-12 col-lg  col-grow\">\n\t\t\t\t\t<!--<a href=\"https:\/\/camping-savoie-levaugrais.com\/wp-content\/uploads\/2021\/07\/velomontagne6jpg.jpg\" data-lightbox=\"sevgallery-427486858\" style=\"background-image: url(https:\/\/camping-savoie-levaugrais.com\/wp-content\/uploads\/2021\/07\/velomontagne6jpg.jpg)\">-->\n\t\t\t\t\t<a href=\"https:\/\/camping-savoie-levaugrais.com\/wp-content\/uploads\/2021\/07\/velomontagne6jpg.jpg\" data-lightbox=\"sevgallery-427486858\">\n\t\t\t\t\t\t<img decoding=\"async\" src=\"https:\/\/camping-savoie-levaugrais.com\/wp-content\/uploads\/2021\/07\/velomontagne6jpg.jpg\" alt=\"v\u00e9lo montagne\" loading=\"lazy\">\n\t\t\t\t\t<\/a>\n\t\t\t\t<\/div>\n\n\t\t\t\t\t\t\t\t\t<div class=\"w-100\"><\/div>\n\t\t\t\t\t\t\t\t\t\n\t\t\t\t\t\t\t\t\t\t\t\t\t\t<\/div>\n\t\t\t<\/div>\n\n\t\t\t<script>\n\t\t\tjQuery(function($) {\n\n\t\t\t\tvar marginPortfolio = function() {\n\n\t\t\t\t\tvar $diapo          = $('#sevgallery-427486858');\n\t\t\t\t\tvar container_width = $diapo.parent().outerWidth();\n\t\t\t\t\tvar side            = ( $(window).innerWidth() - container_width ) \/ 2;\n\n\t\t\t\t\t$diapo.css( {\n\t\t\t\t\t\t'margin-left': '-' + side + 'px',\n\t\t\t\t\t\t'margin-right': '-' + side + 'px',\n\t\t\t\t\t} );\n\t\t\t\t};\n\n\t\t\t\t$( window ).resize( function() {\n\t\t\t\t\tmarginPortfolio();\n\t\t\t\t} );\n\t\t\t\tmarginPortfolio();\n\t\t\t});\n\t\t\t<\/script>\n\t\t\t\n","protected":false},"excerpt":{"rendered":"<p>Die Tour de France Die Tour de France ist das legend\u00e4re Radrennen durch Frankreich, bei dem jedes Jahr der beste Bergfahrer und der beste Fahrer ermittelt werden. Seit 2012 f\u00fchrt die Tour de France \u00fcber den Grand Colombier, einen Pass au\u00dferhalb der Kategorie. Bis heute bleibt er ein symboltr\u00e4chtiger, schwieriger Pass mit Steigungen von teilweise [&hellip;]<\/p>\n","protected":false},"author":1,"featured_media":0,"parent":0,"menu_order":0,"comment_status":"closed","ping_status":"closed","template":"","meta":{"_seopress_robots_primary_cat":"","_seopress_titles_title":"Gro\u00dfe Sportereignisse in der Umgebung des 3* Campingplatzes","_seopress_titles_desc":"Verpassen Sie w\u00e4hrend Ihres Aufenthalts nicht die gro\u00dfen Sportereignisse in der Umgebung des 3-Sterne-Campingplatzes Le Vaugrais.","_seopress_robots_index":"","_crdt_document":"","footnotes":""},"class_list":["post-13403","page","type-page","status-publish","hentry"],"_links":{"self":[{"href":"https:\/\/camping-savoie-levaugrais.com\/de\/wp-json\/wp\/v2\/pages\/13403","targetHints":{"allow":["GET"]}}],"collection":[{"href":"https:\/\/camping-savoie-levaugrais.com\/de\/wp-json\/wp\/v2\/pages"}],"about":[{"href":"https:\/\/camping-savoie-levaugrais.com\/de\/wp-json\/wp\/v2\/types\/page"}],"author":[{"embeddable":true,"href":"https:\/\/camping-savoie-levaugrais.com\/de\/wp-json\/wp\/v2\/users\/1"}],"replies":[{"embeddable":true,"href":"https:\/\/camping-savoie-levaugrais.com\/de\/wp-json\/wp\/v2\/comments?post=13403"}],"version-history":[{"count":1,"href":"https:\/\/camping-savoie-levaugrais.com\/de\/wp-json\/wp\/v2\/pages\/13403\/revisions"}],"predecessor-version":[{"id":13404,"href":"https:\/\/camping-savoie-levaugrais.com\/de\/wp-json\/wp\/v2\/pages\/13403\/revisions\/13404"}],"wp:attachment":[{"href":"https:\/\/camping-savoie-levaugrais.com\/de\/wp-json\/wp\/v2\/media?parent=13403"}],"curies":[{"name":"wp","href":"https:\/\/api.w.org\/{rel}","templated":true}]}}

Große Sportereignisse

<h2 class="wp-block-heading">Die Tour de France  </h2>

<p class="wp-block-paragraph">Die Tour de France ist das legendäre <a href="https://camping-savoie-levaugrais.com/de/sportliche-erfahrung/aufstieg-zum-grand-colombier-ueber-virieu-le-petit/" data-type="page" data-id="397">Radrennen </a>durch Frankreich, bei dem jedes Jahr der beste Bergfahrer und der beste Fahrer ermittelt werden. Seit 2012 führt die Tour de France über den Grand Colombier, einen Pass außerhalb der Kategorie. Bis heute bleibt er ein symbolträchtiger, schwieriger Pass mit Steigungen von teilweise über 24% auf der Seite von Virieu le Petit.<br/>In den Jahren 2016, 2017 und 2020 stellten sich die Fahrer dem Riesen von Bugey.<br/>Heute ist er ein Muss für Radfahrer und zieht jedes Jahr mehr und mehr <a href="https://camping-savoie-levaugrais.com/de/sportliche-erfahrung/aufstieg-zum-grand-colombier-ueber-virieu-le-petit/" data-type="page" data-id="397">Radsportbegeisterte</a> an.  </p>

<p class="wp-block-paragraph">14. Juli 2022: 13. Etappe der Tour de France: Chatillon &#8211; Grand Colombier  </p>

<p class="wp-block-paragraph"></p>

<h2 class="wp-block-heading">Seenwanderung</h2>

<p class="wp-block-paragraph">Jedes Jahr im April findet die <a rel="noreferrer noopener" href="http://cyclo-bugey.weebly.com/" target="_blank"><strong>Wanderung zu den Seen</strong></a> wird vom Club CYCLO BUGEY BELLEY organisiert. Der Verein lädt alle Zweiradfreunde ein, in einer warmen und freundlichen Atmosphäre an der Seenwanderung mit Straßenfahrrädern und Mountainbikes teilzunehmen, ohne dass es eine Rangliste der Teilnehmer gibt. Diese Veranstaltung ist eine der größten in der Region, was die Anzahl der Teilnehmer betrifft. Sie führt durch die <strong>wunderschönen Landschaften des Bugey</strong>.   </p>

<p class="wp-block-paragraph"></p>

<h2 class="wp-block-heading">Die Aindinoise</h2>

<p class="wp-block-paragraph">Legen Sie 108 km zurück &#8211; es handelt sich um ein Radrennen mit Zeitmessung.</p>

<p class="wp-block-paragraph"></p>

<h2 class="wp-block-heading">Der Tag des großen Taubenschwanzes  </h2>

<p class="wp-block-paragraph">Jeden zweiten Samstag im Monat von Juni bis September können Sie den Riesen von Bugey herausfordern. Der Aufstieg von Culoz aus ist frei und kostenlos, die Straße ist von 7 bis 15 Uhr für Radfahrer reserviert. Auf dem Gipfel erhalten Sie einen Imbiss und ein Diplom. </p>

<p class="wp-block-paragraph"></p>

<h2 class="wp-block-heading">die TVO  </h2>

<p class="wp-block-paragraph">Tour du Valromey / ain bugey valromey tour</p>

<p class="wp-block-paragraph">Das einzige Rennen für Junioren, bei dem sie 4 oder manchmal sogar 5 Tage lang über verschiedene Pässe gegeneinander antreten. An diesem Rennen nehmen hauptsächlich Teams aus europäischen Ländern, Neuseeland, Australien und Südafrika teil, aber auch Teams von regionalen französischen Komitees und eventuell von Vereinen. Die Teams bestehen aus 5 Fahrern und 3 Begleitern.</p>

<p class="wp-block-paragraph"></p>

<h2 class="wp-block-heading">Die Forstwirtin  </h2>

<p class="wp-block-paragraph">Es handelt sich um ein Mountainbike-Rennen, das als &#8222;Herbstlegende&#8220; bezeichnet wird und bei dem die besten Mountainbike-Marathonfahrer der europäischen und weltweiten Rennserie antreten.</p>

<p class="wp-block-paragraph"></p>

<h2 class="wp-block-heading">Die GTJ oder Große Juradurchquerung  </h2>

<p class="wp-block-paragraph">Mit 415 km Streckenlänge führt die GTJ von Mandeures im Doubs als Startpunkt durch das Dorf Artemare als Etappenziel. Sie können diese Strecke in Ihrem eigenen Tempo erkunden und sich von der außergewöhnlichen Vielfalt der Landschaft beeindrucken lassen. </p>

<p class="wp-block-paragraph"></p>
			<div id="sevgallery-427486858" class="sev-diaporama sev-diaporama-portfolio">
			<div class="row">

			
				
				<div class="sev-diaporama-portfolio-item col-12 col-lg ">
					<!--<a href="https://camping-savoie-levaugrais.com/wp-content/uploads/2021/07/velomontagne5.jpg" data-lightbox="sevgallery-427486858" style="background-image: url(https://camping-savoie-levaugrais.com/wp-content/uploads/2021/07/velomontagne5.jpg)">-->
					<a href="https://camping-savoie-levaugrais.com/wp-content/uploads/2021/07/velomontagne5.jpg" data-lightbox="sevgallery-427486858">
						<img decoding="async" src="https://camping-savoie-levaugrais.com/wp-content/uploads/2021/07/velomontagne5.jpg" alt="vélo montagne athlétes" loading="lazy">
					</a>
				</div>

				
											
				
				<div class="sev-diaporama-portfolio-item col-12 col-lg  col-grow">
					<!--<a href="https://camping-savoie-levaugrais.com/wp-content/uploads/2021/07/velomontagne16.jpg" data-lightbox="sevgallery-427486858" style="background-image: url(https://camping-savoie-levaugrais.com/wp-content/uploads/2021/07/velomontagne16.jpg)">-->
					<a href="https://camping-savoie-levaugrais.com/wp-content/uploads/2021/07/velomontagne16.jpg" data-lightbox="sevgallery-427486858">
						<img decoding="async" src="https://camping-savoie-levaugrais.com/wp-content/uploads/2021/07/velomontagne16.jpg" alt="la montage à vélo" loading="lazy">
					</a>
				</div>

				
											
				
				<div class="sev-diaporama-portfolio-item col-12 col-lg  col-grow">
					<!--<a href="https://camping-savoie-levaugrais.com/wp-content/uploads/2021/07/velomontagne10.jpg" data-lightbox="sevgallery-427486858" style="background-image: url(https://camping-savoie-levaugrais.com/wp-content/uploads/2021/07/velomontagne10.jpg)">-->
					<a href="https://camping-savoie-levaugrais.com/wp-content/uploads/2021/07/velomontagne10.jpg" data-lightbox="sevgallery-427486858">
						<img decoding="async" src="https://camping-savoie-levaugrais.com/wp-content/uploads/2021/07/velomontagne10.jpg" alt="col du colombier" loading="lazy">
					</a>
				</div>

									<div class="w-100"></div>
									
											
				
				<div class="sev-diaporama-portfolio-item col-12 col-lg ">
					<!--<a href="https://camping-savoie-levaugrais.com/wp-content/uploads/2021/07/velomontagne20.jpg" data-lightbox="sevgallery-427486858" style="background-image: url(https://camping-savoie-levaugrais.com/wp-content/uploads/2021/07/velomontagne20.jpg)">-->
					<a href="https://camping-savoie-levaugrais.com/wp-content/uploads/2021/07/velomontagne20.jpg" data-lightbox="sevgallery-427486858">
						<img decoding="async" src="https://camping-savoie-levaugrais.com/wp-content/uploads/2021/07/velomontagne20.jpg" alt="vélo montagne 20" loading="lazy">
					</a>
				</div>

				
											
				
				<div class="sev-diaporama-portfolio-item col-12 col-lg ">
					<!--<a href="https://camping-savoie-levaugrais.com/wp-content/uploads/2021/07/velomontagne2.jpg" data-lightbox="sevgallery-427486858" style="background-image: url(https://camping-savoie-levaugrais.com/wp-content/uploads/2021/07/velomontagne2.jpg)">-->
					<a href="https://camping-savoie-levaugrais.com/wp-content/uploads/2021/07/velomontagne2.jpg" data-lightbox="sevgallery-427486858">
						<img decoding="async" src="https://camping-savoie-levaugrais.com/wp-content/uploads/2021/07/velomontagne2.jpg" alt="vélo montagne 20" loading="lazy">
					</a>
				</div>

				
											
				
				<div class="sev-diaporama-portfolio-item col-12 col-lg  col-grow">
					<!--<a href="https://camping-savoie-levaugrais.com/wp-content/uploads/2021/07/velomontagne6jpg.jpg" data-lightbox="sevgallery-427486858" style="background-image: url(https://camping-savoie-levaugrais.com/wp-content/uploads/2021/07/velomontagne6jpg.jpg)">-->
					<a href="https://camping-savoie-levaugrais.com/wp-content/uploads/2021/07/velomontagne6jpg.jpg" data-lightbox="sevgallery-427486858">
						<img decoding="async" src="https://camping-savoie-levaugrais.com/wp-content/uploads/2021/07/velomontagne6jpg.jpg" alt="vélo montagne" loading="lazy">
					</a>
				</div>

									<div class="w-100"></div>
									
														</div>
			</div>

			<script>
			jQuery(function($) {

				var marginPortfolio = function() {

					var $diapo          = $('#sevgallery-427486858');
					var container_width = $diapo.parent().outerWidth();
					var side            = ( $(window).innerWidth() - container_width ) / 2;

					$diapo.css( {
						'margin-left': '-' + side + 'px',
						'margin-right': '-' + side + 'px',
					} );
				};

				$( window ).resize( function() {
					marginPortfolio();
				} );
				marginPortfolio();
			});
			</script>

<p>Die Tour de France Die Tour de France ist das legendäre Radrennen durch Frankreich, bei dem jedes Jahr der beste Bergfahrer und der beste Fahrer ermittelt werden. Seit 2012 führt die Tour de France über den Grand Colombier, einen Pass außerhalb der Kategorie. Bis heute bleibt er ein symbolträchtiger, schwieriger Pass mit Steigungen von teilweise [&hellip;]</p>

Große Sportereignisse in der Umgebung des 3* Campingplatzes

Verpassen Sie während Ihres Aufenthalts nicht die großen Sportereignisse in der Umgebung des 3-Sterne-Campingplatzes Le Vaugrais.
